109 + 1). Let c = 89 + -88. Suppose -w - c = -4*v. Calculate the highest common divisor of v and 126.
14
Let n = 5 + 0. Let k be ((-2)/n)/(2/(-30)). Suppose -4*i + 5 = 1. Calculate the greatest common divisor of k and i.
1
Suppose i - 5*i + 48 = 0. What is the highest common factor of 12 and i?
12
Let g = -4 - -31. Let j(q) = 2*q**2 + 5*q - 7. Let t be j(-5). Suppose -t = -k - k. Calculate the highest common divisor of k and g.
9
Let c(a) = a + 10. Let b = -14 + 7. Let w be c(b). What is the highest common divisor of w and 1?
1
Suppose -4*m + 28 = 3*m. Let a(d) = 2*d**2. Let w be a(-2). What is the highest common factor of w and m?
4
Let w be 1/2 - (-478)/4. Calculate the highest common divisor of 48 and w.
24
Let u(q) = -q**3 + 9*q**2 - 11*q + 14. Let s be u(6). Calculate the highest common divisor of s and 14.
14
Suppose y = 5*i + 55, -4*i + 2*i = 4*y - 154. What is the greatest common divisor of 120 and y?
40
Let r(f) = 2*f + 7. Let x be r(7). Let i be 1350/21 + (-6)/x. Suppose w = 12 + 4. Calculate the greatest common divisor of w and i.
16
Suppose c + 4*i - 144 = 0, 2*i + 576 = 4*c - 2*i. Let b = -22 - -40. What is the greatest common divisor of b and c?
18
Let j = 8 + 9. Let q = 376 - 223. Calculate the greatest common factor of q and j.
17
Let m = -9 - -21. Let u be ((-40)/(-12))/(6/9). Suppose k + 5*c - 6 = 0, 0 = -c + u*c. Calculate the greatest common factor of k and m.
6
Suppose -4*k = k - 15. Suppose -2*n = -k*n + 176. What is the highest common factor of n and 16?
16
Let v(u) be the first derivative of 4*u**3 + u - 1. Let j(g) = g**3 + 6*g**2 + 1. Let b be j(-6). Let y be v(b). What is the highest common divisor of y and 26?
13
Let w(z) = z**2 + 3*z + 3. Let m be w(-3). Suppose -4*a = 3*g - 18, -4 = 2*a + g - 14. What is the greatest common divisor of m and a?
3
Suppose 4*i - 359 = -39. What is the greatest common divisor of 10 and i?
10
Let h(y) be the first derivative of y - y**2 + 2 + 2/3*y**3 + 3/4*y**4. Let p be h(1). What is the greatest common factor of 2 and p?
2
Let m = -173 + 362. What is the highest common divisor of 27 and m?
27
Let r(k) = 19*k**2 - 1. Let n be r(-1). Let t = 28 - n. Let g(i) = i**2 - 7*i + 5. Let h be g(7). What is the highest common divisor of h and t?
5
Let t be -144 + 1 - (-1)/(-1). Let k be (-6)/15 - t/10. Calculate the greatest common factor of 112 and k.
14
Let f = 33 - 66. Let n be -1 + -4 + 2 - f. What is the highest common divisor of n and 10?
10
Suppose 14*r - 9*r = 30. What is the highest common factor of 9 and r?
3
Let x be (4/(-3))/((-2)/6). Let b(y) = 11*y**2 - 9*y + 10. Let h be b(2). What is the greatest common divisor of h and x?
4
Suppose 36 = 4*b + f, 5*b + 16 = 3*f + 78. Suppose -5 = -3*n + b. Let t = -12 - -32. Calculate the highest common divisor of n and t.
5
Let i = -12 - -19. Let z be 4/16 - (-645)/(-4). Let l = -112 - z. What is the highest common divisor of i and l?
7
Let p = 330 + -222. Suppose 13*o - 48 = 9*o. Calculate the greatest common factor of p and o.
12
Let d = 85 + -37. Suppose 0*c = 4*c - d. Let y = -6 + c. Calculate the greatest common divisor of y and 4.
2
Let k = -216 - -326. What is the greatest common factor of k and 11?
11
Let b = 42 + -32. Calculate the greatest common factor of 15 and b.
5
Suppose 3*g = -0*g + 63. Suppose d + 5*j - g = 0, 0 = -4*d + j - 13 - 8. Let h be ((-3 - d) + -13)/(-2). Calculate the greatest common factor of h and 6.
6
Suppose 0*s + s - 30 = -5*f, 4*f - 60 = -2*s. Calculate the highest common divisor of 10 and s.
10
Suppose 234 + 0 = 6*k. Calculate the highest common factor of 26 and k.
13
Suppose -118 = 5*m - 0*w + 2*w, -3*w = -3*m - 54. Let j be (-620)/m - (-4)/(-22). Calculate the greatest common factor of 42 and j.
14
Suppose 0 = -4*c - 27 + 203. Suppose 3*s - 3*i = 2 + 22, 3*s + 2*i = c. Suppose -5 = -y - 1. What is the greatest common factor of s and y?
4
Let p(g) = -g**2 + 9*g - 7. Let s be p(7). Let v(h) = h + 4. Let w be v(s). Calculate the highest common divisor of 44 and w.
11
Suppose -3*q - 83 - 58 = -4*u, 175 = 5*u - 4*q. What is the greatest common divisor of 234 and u?
39
Suppose 3*c = 6*c - 120. Suppose -3*a - a = -c. What is the greatest common divisor of 15 and a?
5
Let n be -54 + (0 - 0 - -2). Let o = -65 + 39. Let g = o - n. Calculate the highest common divisor of g and 13.
13
Suppose -3*v + 180 = 72. Calculate the highest common divisor of 12 and v.
12
Let c = 3 - -2. Suppose c = -i + 9. What is the greatest common divisor of i and 8?
4
Let w = 3 + -1. Suppose 6 = -w*o + 16. Let k(p) = -p**3 + p**2 + 5*p + 4. Let f be k(3). What is the greatest common divisor of f and o?
1
Let v(t) = 9*t - 6. Let p be v(4). What is the greatest common factor of 6 and p?
6
Let b be (102/4)/(3/30). Suppose -y = -4*r + 2*y + b, 0 = -2*r + 5*y + 145. What is the highest common divisor of 24 and r?
12
Let t(x) = -x**3 + 16*x**2 - 10*x - 27. Let j be t(15). What is the highest common divisor of j and 80?
16
Let v(s) = 25*s**2 - s. Let n be (-35)/(-45) - 2/(-9). Let f be v(n). What is the greatest common divisor of 12 and f?
12
Let x be 50370/225 + (-2)/(-15). Calculate the highest common divisor of 28 and x.
28
Suppose -3*l + u + 42 = 4*u, 5*l - 38 = 3*u. What is the highest common factor of 80 and l?
10
Let g(l) = 0*l**2 + 4 - 3 + l**2 - 4*l. Let f be g(4). Suppose 3*c + 5*d + f - 23 = 0, -2*d = c - 6. Calculate the highest common divisor of 98 and c.
14
Let i be (2 + (-52)/16)*-48. What is the highest common divisor of 24 and i?
12
Let r(i) = 4*i - 9. Let l be r(5). Let c = -13 - -68. Calculate the highest common factor of c and l.
11
Let s(x) = 10*x - 3. Suppose -o + 5*o = 20. Let q be s(o). Suppose 4*g - q = 5*p, -4*g + p + 38 = -p. Calculate the highest common divisor of 12 and g.
4
Suppose 0 = 2*v - 3*v + 3. Let y be ((-9)/v)/((-2)/10). Let c be (2/4)/(1/60). Calculate the greatest common divisor of c and y.
15
Let i(y) = 70*y - 6. Let q be i(10). Let k = -353 + q. Calculate the highest common divisor of 31 and k.
31
Let o(p) = 2*p - 1 + 6 - 4*p. Let w be o(-4). Let l = 19 - w. Calculate the highest common factor of 12 and l.
6
Suppose q - 53 = 3*r, 56 - 13 = -3*r - q. Let n = 26 + r. What is the greatest common divisor of 40 and n?
10
Suppose 2*d = 29 + 7. Calculate the highest common divisor of d and 9.
9
Suppose 60 = 3*v + 5*h - h, -h - 60 = -3*v. What is the highest common divisor of v and 160?
20
Let c = 151 + -47. Suppose -3*g - 2*w + c = 3*w, 0 = g + 3*w - 32. Suppose 3*q - 25 = g. What is the highest common divisor of q and 3?
3
Let m(p) = 4 - 2*p + p + 0*p. Let k be m(2). Suppose -4*j = -k*j - 24. What is the greatest common divisor of 24 and j?
12
Let v be (20/(-6) + 3)*-3. Let a be ((-1 - v) + 1)*-19. Calculate the greatest common divisor of 152 and a.
19
Let t be -23*1*(-17 + 16). What is the greatest common divisor of t and 23?
23
Let p(t) = 0 - 5 - 6*t - t**2 + 0. Let j be p(-5). Suppose -2*h + 25 + 11 = j. What is the highest common factor of 9 and h?
9
Let p = -6 - -1. Let q = 15 - p. Suppose 5*m - 2*m = 150. What is the highest common factor of q and m?
10
Let r = 168 + -83. Calculate the greatest common divisor of 17 and r.
17
Let b = -39 - -69. What is the greatest common divisor of b and 20?
10
Let y(h) = h**2 + 7. Let d be y(-4). What is the highest common factor of d and 207?
23
Suppose 5*o + 0*d + 2*d = 444, 4*o = -d + 357. Calculate the greatest common divisor of 36 and o.
18
Let o be (-106)/(-10) + 2/5. Suppose 82*v + 616 = 89*v. Calculate the highest common divisor of v and o.
11
Let r be (-2 - -5) + -4 - -26. Calculate the highest common factor of r and 5.
5
Let n be (-485)/(-10) + 1/2. Suppose -k + n + 11 = 0. Calculate the greatest common factor of k and 15.
15
Let x(g) = 2*g - 1. Let u be x(10). Let c = 31 - u. What is the highest common divisor of 3 and c?
3
Let a = -128 + 218. Let k(b) = -b**3 - 13*b**2 + 9. Let c be k(-13). Calculate the highest common divisor of c and a.
9
Suppose 8 - 80 = -6*i. Calculate the highest common divisor of 8 and i.
4
Suppose 5*y = 3*m - 4*m + 60, 48 = 4*y + m. Suppose 3*h - 4*h = -6. Calculate the greatest common factor of y and h.
6
Suppose 3*i = 50 + 7. Let r be (-2)/(-8) - (-227)/4. Let u = r - 0. What is the greatest common divisor of i and u?
19
Let j(d) =